emainder when 293 is divided by 49.
48
Calculate the remainder when 2254 is divided by 141.
139
What is the remainder when 129 is divided by 33?
30
What is the remainder when 503 is divided by 8?
7
Calculate the remainder when 1538 is divided by 763.
12
What is the remainder when 343 is divided by 120?
103
Calculate the remainder when 61 is divided by 21.
19
What is the remainder when 205 is divided by 42?
37
Calculate the remainder when 2741 is divided by 272.
21
Calculate the remainder when 185 is divided by 73.
39
Calculate the remainder when 1252 is divided by 238.
62
Calculate the remainder when 379 is divided by 39.
28
What is the remainder when 24 is divided by 22?
2
What is the remainder when 3388 is divided by 45?
13
What is the remainder when 44 is divided by 11?
0
Calculate the remainder when 2144 is divided by 11.
10
Calculate the remainder when 305 is divided by 107.
91
What is the remainder when 1096 is divided by 110?
106
What is the remainder when 1374 is divided by 684?
6
What is the remainder when 947 is divided by 13?
11
Calculate the remainder when 4751 is divided by 48.
47
What is the remainder when 1119 is divided by 6?
3
What is the remainder when 74 is divided by 64?
10
Calculate the remainder when 12993 is divided by 9.
6
Calculate the remainder when 32 is divided by 14.
4
What is the remainder when 957 is divided by 12?
9
Calculate the remainder when 278 is divided by 28.
26
What is the remainder when 648 is divided by 21?
18
Calculate the remainder when 4497 is divided by 12.
9
Calculate the remainder when 178 is divided by 8.
2
What is the remainder when 216 is divided by 89?
38
Calculate the remainder when 4643 is divided by 108.
107
Calculate the remainder when 979 is divided by 34.
27
Calculate the remainder when 6026 is divided by 67.
63
Calculate the remainder when 361 is divided by 88.
9
Calculate the remainder when 2383 is divided by 15.
13
Calculate the remainder when 586 is divided by 118.
114
What is the remainder when 730 is divided by 19?
8
What is the remainder when 83 is divided by 28?
27
Calculate the remainder when 141 is divided by 22.
9
Calculate the remainder when 72 is divided by 27.
18
Calculate the remainder when 116 is divided by 3.
2
Calculate the remainder when 183 is divided by 102.
81
What is the remainder when 133 is divided by 35?
28
What is the remainder when 762 is divided by 85?
82
What is the remainder when 108731 is divided by 492?
491
Calculate the remainder when 381 is divided by 29.
4
What is the remainder when 851 is divided by 14?
11
Calculate the remainder when 224 is divided by 19.
15
Calculate the remainder when 141 is divided by 82.
59
What is the remainder when 2702 is divided by 159?
158
What is the remainder when 187 is divided by 12?
7
What is the remainder when 429 is divided by 4?
1
What is the remainder when 34371 is divided by 13?
12
What is the remainder when 2180 is divided by 6?
2
What is the remainder when 42 is divided by 17?
8
What is the remainder when 742 is divided by 65?
27
Calculate the remainder when 40 is divided by 8.
0
What is the remainder when 401 is divided by 137?
127
What is the remainder when 2412 is divided by 104?
20
Calculate the remainder when 273 is divided by 44.
9
What is the remainder when 187 is divided by 102?
85
What is the remainder when 734 is divided by 233?
35
What is the remainder when 678 is divided by 23?
11
Calculate the remainder when 1215 is divided by 16.
15
What is the remainder when 159 is divided by 32?
31
What is the remainder when 476 is divided by 12?
8
What is the remainder when 720 is divided by 66?
60
Calculate the remainder when 565 is divided by 16.
5
What is the remainder when 909 is divided by 55?
29
What is the remainder when 1077 is divided by 18?
15
Calculate the remainder when 482 is divided by 22.
20
Calculate the remainder when 190 is divided by 8.
6
Calculate the remainder when 106681 is divided by 358.
355
Calculate the remainder when 99 is divided by 33.
0
Calculate the remainder when 615 is divided by 29.
6
What is the remainder when 2209 is divided by 374?
339
Calculate the remainder when 2079 is divided by 20.
19
Calculate the remainder when 32 is divided by 17.
15
What is the remainder when 3031 is divided by 31?
24
Calculate the remainder when 309 is divided by 93.
30
Calculate the remainder when 4924 is divided by 2461.
2
Calculate the remainder when 853 is divided by 26.
21
Calculate the remainder when 148 is divided by 76.
72
What is the remainder when 377 is divided by 54?
53
Calculate the remainder when 78 is divided by 24.
6
Calculate the remainder when 13206 is divided by 104.
102
What is the remainder when 246 is divided by 145?
101
Calculate the remainder when 98 is divided by 29.
11
What is the remainder when 190 is divided by 4?
2
Calculate the remainder when 101 is divided by 95.
6
What is the remainder when 120 is divided by 12?
0
What is the remainder when 38 is divided by 3?
2
Calculate the remainder when 2485 is divided by 7.
0
Calculate the remainder when 29 is divided by 4.
1
What is the remainder when 118 is divided by 12?
10
What is the remainder when 39 is divided by 8?
7
Calculate the remainder when 2372 is divided by 125.
122
Calculate the remainder when 1770 is divided by 7.
6
What is the remainder when 1022 is divided by 28?
14
What is the remainder when 682 is divided by 36?
34
Calculate the remainder when 4465 is divided by 69.
49
Calculate the remainder when 414 is divided by 59.
1
What is the remainder when 282 is divided by 13?
9
What is the remainder when 1223 is divided by 14?
5
What is the remainder when 438 is divided by 20?
18
Calculate the remainder when 159 is divided by 11.
5
What is the remainder when 748 is divided by 125?
123
What is the remainder when 2329 is divided by 2327?
2
What is the remainder when 284 is divided by 15?
14
What is the remainder when 52 is divided by 15?
7
Calculate the remainder when 464 is divided by 36.
32
What is the remainder when 1184 is divided by 12?
8
What is the remainder when 83 is divided by 4?
3
Calculate the remainder when 246 is divided by 51.
42
Calculate the remainder when 59 is divided by 33.
26
What is the remainder when 101 is divided by 52?
49
Calculate the remainder when 1958 is divided by 79.
62
Calculate the remainder when 47 is divided by 6.
5
Calculate the remainder when 237 is divided by 29.
5
What is the remainder when 520 is divided by 125?
20
What is the remainder when 980 is divided by 71?
57
Calculate the remainder when 447 is divided by 30.
27
Calculate the remainder when 257 is divided by 54.
41
What is the remainder when 308 is divided by 87?
47
Calculate the remainder when 5915 is divided by 97.
95
What is the remainder when 639 is divided by 24?
15
Calculate the remainder when 566 is divided by 63.
62
What is the remainder when 526 is divided by 59?
54
What is the remainder when 1503 is divided by 72?
63
What is the remainder when 2782 is divided by 48?
46
Calculate the remainder when 2579 is divided by 216.
203
Calculate the remainder when 22693 is divided by 85.
83
What is the remainder when 6648 is divided by 19?
17
Calculate the remainder when 1329 is divided by 36.
33
Calculate the remainder when 65 is divided by 8.
1
Calculate the remainder when 311 is divided by 101.
8
What is the remainder when 595 is divided by 48?
19
Calculate the remainder when 598 is divided by 7.
3
What is the remainder when 946 is divided by 248?
202
What is the remainder when 306 is divided by 172?
134
What is the remainder when 3034 is divided by 46?
44
Calculate the remainder when 627 is divided by 14.
11
Calculate the remainder when 1746 is divided by 66.
30
What is the remainder when 1057 is divided by 214?
201
Calculate the remainder when 47 is divided by 25.
22
Calculate the remainder when 127 is divided by 41.
4
What is the remainder when 2003 is divided by 96?
83
Calculate the remainder when 1698 is divided by 24.
18
Calculate the remainder when 629 is divided by 116.
49
Calculate the remainder when 2779 is divided by 139.
138
Calculate the remainder when 130 is divided by 43.
1
Calculate the remainder when 1721 is divided by 428.
9
Calculate the remainder when 2154 is divided by 14.
12
What is the remai